e remainder when 21 is divided by g.
5
Let m = 521 - 290. Calculate the remainder when (-1 - -8)/(-4 + m/57) is divided by 48.
37
Suppose -2*c + 2990 = 3*c - 0*c. What is the remainder when c is divided by 76?
66
Let k(c) = -27*c + 126. What is the remainder when 241 is divided by k(1)?
43
Let l = 2483 + -2366. What is the remainder when 845 is divided by l?
26
Let o(x) = x**3 + 22*x**2 + 16*x - 82. Let g = 391 - 257. What is the remainder when g is divided by o(-21)?
19
Suppose 5070 - 881 = 59*z. Calculate the remainder when z is divided by 2.
1
Suppose -13 + 0 = -13*j. Let y(p) = 708*p**3 - 709*p**3 + 2 + j - 5*p**2 + 3*p. Calculate the remainder when 82 is divided by y(-6).
19
Let s(r) = -r**3 + 11*r**2 + 59*r - 42. What is the remainder when s(13) is divided by 71?
32
Suppose 9*g + 14*g - 40868 - 62586 = 0. Calculate the remainder when g is divided by 100.
98
Suppose 207 = 3*b + 2*v, -5*b = 37*v - 38*v - 332. What is the remainder when 468 is divided by b?
66
Suppose 51*z - 2592 = -909. Let f = -1273 - -636. What is the remainder when f/(-5) - 2/5 is divided by z?
28
Let t(z) = -57*z - 245. Let d be t(-11). Let u = -346 + d. Calculate the remainder when 106 is divided by u.
34
Suppose -7*f - 1556 + 6540 = 0. Let j = f + -642. Suppose -2*u + 60 = u. What is the remainder when j is divided by u?
10
Calculate the remainder when 171 is divided by 3/(-1)*580/(-60).
26
Let t = 104 - 40. Let a = t + -44. What is the remainder when 98 is divided by a?
18
Suppose -2378 = -9*j - 263. Suppose -2*i - 146 = -3*y, -5*y - 2*i + 7*i = -j. Calculate the remainder when y is divided by 35.
17
Let d = 11336 + -11317. Suppose 1034 = -3*r + 347. Let l = -137 - r. What is the remainder when l is divided by d?
16
Suppose -2899 + 855 = -7*s. Let c = 453 - s. Calculate the remainder when c is divided by 57.
47
Suppose 0 = -47*o + 146*o - 755964. What is the remainder when o is divided by 67?
65
Suppose 5*l - 898 = -4*h, -5*h - 337 = -2*l + 42. Let r be 11/(-66) + (595/(-6))/5. Calculate the remainder when l is divided by (3 - r/(-8))*-4 + 39.
34
Suppose -4310 = -11*o - 1076. Calculate the remainder when o is divided by 7/(21/(-18)) - (-16)/((-240)/(-645)).
35
Let x be -19*(-1 + -9 + 3). Let p = x + -30. Suppose 5*c - 2 = p. Calculate the remainder when c is divided by 11.
10
Suppose -18201 = -53*a + 84513. What is the remainder when a is divided by 97?
95
Suppose 126*r = 112*r + 350. What is the remainder when 6298 is divided by r?
23
Let h = 76 + -96. What is the remainder when ((-16)/h)/(216/(-110) - -2) is divided by -3*((-15)/9 - 0)?
2
Let y(m) = -12*m - 58. Let r be y(-20). Suppose 6*l - 4*l = r. What is the remainder when l is divided by ((-16)/(-5))/(1/15)?
43
Let f(z) = z**2 - 78*z - 216. What is the remainder when 3023 is divided by f(82)?
111
Suppose -3*a + 4*m = -6*a + 113, 4*m = a - 11. Let c(i) = -i**3 + 7*i**2 - 6*i + 9. Let z be 2*1/(-2) - -7. What is the remainder when a is divided by c(z)?
4
Calculate the remainder when 197 is divided by -4*(-5)/(-60) - (-38)/6.
5
Let x(z) = -39*z - 414. Calculate the remainder when x(-15) is divided by 33.
6
Suppose 40 = -42*u + 43*u. Let x = 853 + -848. What is the remainder when u is divided by x?
0
Suppose -3*s - 8149 = -4*y, 2645 = 2*y - 2*s - 1425. Calculate the remainder when y is divided by 292.
0
Let u = 11248 + -10965. Calculate the remainder when u is divided by ((-4)/6)/(4/(-90)).
13
Let h(u) = -7*u - 30. Let m be h(-5). Let i(b) = 5*b + 17. Suppose -a = 5*a - 132. Calculate the remainder when i(m) is divided by a.
20
Let t be (-1 + 0)*(-336)/6. Suppose 4*y + 2*f = 6*f + t, -46 = -4*y - f. What is the remainder when 80 is divided by y?
8
Calculate the remainder when 22/(-429) + (-213440)/(-624) is divided by 33.
12
Let r(w) be the first derivative of -w**2/2 + 15*w + 1. Suppose -15 = m - j + 3*j, 55 = -4*m - 3*j. What is the remainder when r(m) is divided by 12?
4
Let m(w) = -w**2 + 32*w - 181. Suppose 190 = 4*a - h, -5*a + 293 = -4*h + 61. What is the remainder when a is divided by m(23)?
22
Suppose -9*g = -6*g + 2*t - 16, -2*g - 4*t + 24 = 0. What is the remainder when 849 is divided by g - (-73 - (-2 + -2))?
68
Let s(h) = 4*h + 2. Let a(l) = -l - 22. Let w(q) = -q - 23. Let r(x) = -3*a(x) + 2*w(x). What is the remainder when s(10) is divided by r(-9)?
9
Let h(p) = 26 - 26 - 2*p. Let k be h(8). Calculate the remainder when 30 is divided by (-1 + -1)/(4/k).
6
Suppose 5*h - 9*h + 961 = k, -h + 2*k + 229 = 0. What is the remainder when h is divided by 11?
8
Calculate the remainder when (308/8 - -7)*2 is divided by 35*(-1 + 21/15).
7
Suppose -4*x + 2082 = -312*y + 311*y, 0 = -4*x - 2*y + 2088. Calculate the remainder when x is divided by 9.
8
Suppose 13*m = 9*m. Suppose 0 = 10*c - 5*c + 3*b - 70, m = 3*c - 3*b - 18. Calculate the remainder when c is divided by 2.
1
Suppose 14*v - 8*v = -24. Let m be v - 36*1 - -4. What is the remainder when 8/(3 + 106/m) is divided by 29?
28
Let p = -31831 - -49927. Calculate the remainder when p/84 - (-6)/(-14) is divided by 8.
7
Suppose -198*b - 25*b + 6012 = -56*b. Calculate the remainder when 349 is divided by b.
25
Let x = -216 - -303. Suppose 384*a - x = 381*a. What is the remainder when -436*(15/12)/(-5) is divided by a?
22
Let c = 515 + -455. What is the remainder when (1080/(-50))/((-1)/c*2) is divided by 13?
11
Let f(p) = 10*p + 5. Let q(r) = -9*r - 7. Let g(z) = 5*f(z) + 6*q(z). What is the remainder when (2 - 1) + 25 + 0 is divided by g(-6)?
5
Suppose -3*r = -581 - 253. Suppose v - 21 = q + 49, -r = -4*v + 3*q. Let b = 98 - v. What is the remainder when 119 is divided by b?
29
Suppose 16*t = 8*t + 392. Suppose 2*f = -4*p + 3*p + t, -2*f + 4*p + 44 = 0. Suppose 6*j - 4*j - 134 = 0. What is the remainder when j is divided by f?
19
What is the remainder when 944 is divided by (-136 - -2)*210/(-60)?
6
Suppose 0 = u - 4*s - 260, -u + 75 = 4*s - 225. What is the remainder when u is divided by 27?
10
Suppose s + 19*t - 421 = 22*t, -t = 2*s - 863. Suppose m - s = 4*z, 5*z - 3*z + 2096 = 5*m. Calculate the remainder when m is divided by 70.
68
Let n = -4759 + 6913. What is the remainder when n is divided by 127?
122
Let v be (10 - 9)/((-2)/6). Let j = 27 + v. Let f(m) = m**3 - 23*m**2 - 22*m - 2. Calculate the remainder when f(j) is divided by 7.
4
Calculate the remainder when 470 is divided by (37 - (-2 + 4))/7.
0
Suppose -15*s = -17*s - 102. Let q = s - -216. What is the remainder when q is divided by 47?
24
Let y(a) = -18*a - 394. Let g be y(-22). Suppose -5*m + 3*q = -g*m - 27, -2*m + 20 = -3*q. Calculate the remainder when 174 is divided by m.
6
Suppose -3*j - 4*k = -4189, -67*k = 2*j - 63*k - 2798. What is the remainder when j is divided by 34?
31
Let d(j) = 162*j + 1691. Calculate the remainder when d(-7) is divided by 115.
97
Calculate the remainder when 34/(-2)*1080/(-24) - 12 is divided by 47.
1
Let q be 270/75 - ((-21)/15 + 1). Suppose 0 = q*y - i + 2 + 3, 0 = y + 4*i - 20. Suppose -15*c + 73 + 2 = y. Calculate the remainder when 18 is divided by c.
3
Let w(l) = l**2 - 19*l - 167. What is the remainder when 13888 is divided by w(-7)?
13
Let u = 232 + -218. Suppose -20 = u*n - 18*n. Calculate the remainder when 19 is divided by n.
4
Suppose -r - 6 = -3*r. Let o = -76 + 106. What is the remainder when r*(-2)/6*-178 is divided by o?
28
Suppose 51*n = -4672 + 54499. Calculate the remainder when n is divided by 121.
9
Suppose -8 = -2*x + 12. Suppose -4*g = -20 - 28. Suppose -61 = -o - g. Calculate the remainder when o is divided by x.
9
Calculate the remainder when 718 is divided by (-24)/(-4) - -10*(13 - 10).
34
Let d(m) = 3*m - 251. Let n be d(-55). Calculate the remainder when 47 is divided by (2 + 1)/21 - n/28.
2
Let h(f) = -f**3 + 19*f**2 - 14*f - 56. Let a(w) = w**3 - 6*w**2 + 4*w - 6. Let t be a(6). Calculate the remainder when 142 is divided by h(t).
14
Let f = 9018 + -4482. Suppose f = -5*g + 23*g. Calculate the remainder when g is divided by 37.
30
Let o(m) = m + 109. Suppose 113 = -5*y - 2*j, -10*j + 12*j = -8. What is the remainder when o(y) is divided by 38?
12
Let p(f) = -26*f**3 - 372*f**2 - 18*f + 24. What is the remainder when p(-15) is divided by 106?
104
Let z be ((-50)/(-4))/5*28/10. Let c(h) = -4*h + 59. Calculate the remainder when 90 i